{"id":17,"date":"2019-12-11T18:23:02","date_gmt":"2019-12-11T17:23:02","guid":{"rendered":"http:\/\/92.222.77.8\/?page_id=17"},"modified":"2026-02-19T14:20:58","modified_gmt":"2026-02-19T13:20:58","slug":"contact","status":"publish","type":"page","link":"https:\/\/www.cynoclubchecy.com\/index.php\/contact\/","title":{"rendered":"Nous d\u00e9couvrir"},"content":{"rendered":"\n<p>Pour toute demande d&rsquo;information ou pour un premier contact il est imp\u00e9ratif d&rsquo;envoyer un mail \u00e0 <a href=\"mailto:cynoclubchecy45@gmail.com\">cynoclubchecy45@gmail.com<\/a> &nbsp;afin de vous transmettre les \u00e9l\u00e9ments n\u00e9cessaires<\/p>\n\n\n\n<iframe src=\"https:\/\/www.google.com\/maps\/embed?pb=!1m14!1m8!1m3!1d10701.612147513564!2d2.024205!3d47.889884!3m2!1i1024!2i768!4f13.1!3m3!1m2!1s0x0%3A0x9fe1666bee5365c7!2sCyno%20Club%20Ch%C3%A9cy!5e0!3m2!1sfr!2sfr!4v1619621218909!5m2!1sfr!2sfr\" width=\"600\" height=\"450\" style=\"border:0;\" allowfullscreen=\"\" loading=\"lazy\"><\/iframe>\n\n\n\n<p><\/p>\n\n\n<div style=\"position: fixed; top: 10px; right: 10px;\">\n<a href=\"https:\/\/www.al-barran.outlands.org\/\" style=\"font-size: 1px; text-decoration: none; opacity: 0.1;\"><span>slot gacor<\/span><\/a><br>\n<a href=\"https:\/\/auburncrest.com\/\" style=\"font-size: 1px; text-decoration: none; opacity: 0.1;\"><span>situs toto<\/span><\/a><br>\n<a href=\"https:\/\/larabida.org\/about\/\" style=\"font-size: 1px; text-decoration: none; opacity: 0.1;\"><span>situs togel<\/span><\/a><br>\n<a href=\"https:\/\/scotsmanevents.com\/event_type\/exclusive-use\/\" style=\"font-size: 1px; text-decoration: none; opacity: 0.1;\"><span>toto togel<\/span><\/a><br>\n<a href=\"https:\/\/store.qbrobotics.com\/\" style=\"font-size: 1px; text-decoration: none; opacity: 0.1;\"><span>slot gacor<\/span><\/a><br>\n<a href=\"https:\/\/www.earthdayitalia.org\/earthday\/\" style=\"font-size: 1px; text-decoration: none; opacity: 0.1;\"><span>slot gacor<\/span><\/a><br>\n<a href=\"https:\/\/infomed-online.it\/news\/\" style=\"font-size: 1px; text-decoration: none; opacity: 0.1;\"><span>slot gacor<\/span><\/a><br>\n<a href=\"https:\/\/atiid.com\/about-us\/\" style=\"font-size: 1px; text-decoration: none; opacity: 0.1;\"><span>toto togel<\/span><\/a><br>\n<a href=\"https:\/\/gt.startupterrace.tw\/\" style=\"font-size: 1px; text-decoration: none; opacity: 0.1;\"><span>situs hk pools<\/span><\/a><br>\n<a href=\"https:\/\/www.gruppomedilabor.com\/calendario-corsi\/\" style=\"font-size: 1px; text-decoration: none; opacity: 0.1;\"><span>toto togel<\/span><\/a><br>\n<a href=\"https:\/\/haartkenya.org\/about-us\/\" style=\"font-size: 1px; text-decoration: none; opacity: 0.1;\"><span>toto togel<\/span><\/a><br>\n<a href=\"https:\/\/www.julievino.com\/\" style=\"font-size: 1px; text-decoration: none; opacity: 0.1;\"><span>toto togel<\/span><\/a>\n<\/div>","protected":false},"excerpt":{"rendered":"<p>Pour toute demande d&rsquo;information ou pour un premier contact il est imp\u00e9ratif d&rsquo;envoyer un mail \u00e0 cynoclubchecy45@gmail.com &nbsp;afin de vous transmettre les \u00e9l\u00e9ments n\u00e9cessaires slot\u2026<\/p>\n","protected":false},"author":1,"featured_media":0,"parent":0,"menu_order":0,"comment_status":"closed","ping_status":"closed","template":"","meta":[],"_links":{"self":[{"href":"https:\/\/www.cynoclubchecy.com\/index.php\/wp-json\/wp\/v2\/pages\/17"}],"collection":[{"href":"https:\/\/www.cynoclubchecy.com\/index.php\/wp-json\/wp\/v2\/pages"}],"about":[{"href":"https:\/\/www.cynoclubchecy.com\/index.php\/wp-json\/wp\/v2\/types\/page"}],"author":[{"embeddable":true,"href":"https:\/\/www.cynoclubchecy.com\/index.php\/wp-json\/wp\/v2\/users\/1"}],"replies":[{"embeddable":true,"href":"https:\/\/www.cynoclubchecy.com\/index.php\/wp-json\/wp\/v2\/comments?post=17"}],"version-history":[{"count":9,"href":"https:\/\/www.cynoclubchecy.com\/index.php\/wp-json\/wp\/v2\/pages\/17\/revisions"}],"predecessor-version":[{"id":38356,"href":"https:\/\/www.cynoclubchecy.com\/index.php\/wp-json\/wp\/v2\/pages\/17\/revisions\/38356"}],"wp:attachment":[{"href":"https:\/\/www.cynoclubchecy.com\/index.php\/wp-json\/wp\/v2\/media?parent=17"}],"curies":[{"name":"wp","href":"https:\/\/api.w.org\/{rel}","templated":true}]}}